5 + 67. Suppose -2*i + r + 16 = 0. Let a = 839 - 832. What is the remainder when i is divided by a?
6
Let a = -25 + 27. Calculate the remainder when -32*(-2)/(a + 0) is divided by 11.
10
Let h(o) = -2*o**3 + 26*o**2 - 12*o + 44. Calculate the remainder when h(12) is divided by 19.
17
Let t be (4/(-3) - 2)*48/(-5). Suppose t = 2*q - 4*g, 3*g = -4*q + 7*g + 84. Calculate the remainder when 206 is divided by q.
24
Let q(r) = 20*r - 6. Let a(k) = -20*k + 5. Let y(l) = 5*a(l) + 4*q(l). Calculate the remainder when 124 is divided by y(-1).
19
Suppose -m + 5*g = -33, -m + 2*m = -4*g - 3. Let i(k) = -17 - 13*k - k + 7*k. What is the remainder when i(-6) is divided by m?
12
Let w = 837 - 824. Calculate the remainder when 320 is divided by w.
8
Let y be (-1)/6 - (-437)/(-6). Let p = 88 + y. What is the remainder when p is divided by 3?
0
Suppose 6*z - 267 + 15 = 0. What is the remainder when z is divided by (-728)/(-32) + (-3)/(-12)?
19
Let s(g) = -3*g**3 - 2*g**2 - 3*g. Let f(p) = p**3 - 9*p**2 - 11*p + 8. Let i be f(10). Let z = 0 + i. Calculate the remainder when 87 is divided by s(z).
21
Let z(t) = -62*t**3 + 3*t**2 - 2. Calculate the remainder when z(-1) is divided by 19.
6
Suppose 3*y - 10*j = -7*j + 42, 2*y + 4*j - 10 = 0. What is the remainder when 514 is divided by y?
8
Suppose 0 = -2*u - 6, 20*y - u - 18 = 19*y. What is the remainder when 792 is divided by y?
12
Suppose -4*m = -17 + 1. Suppose 5*y = 2*y + 15. Suppose i + y = 18. What is the remainder when i is divided by m?
1
Let t = 832 - 322. Suppose 3*r + t = 8*r. Suppose 2*w - r = -0*w. What is the remainder when w is divided by 13?
12
Let j be (3/((-30)/25))/(1/2). Let i(g) = 4*g + 36. Calculate the remainder when 16 is divided by i(j).
0
Let j = 526 + -243. Let u = -200 + j. Calculate the remainder when u is divided by 17.
15
Calculate the remainder when 54 is divided by (-47)/(-1) - (-1 - (-40)/10).
10
Let y = 23 - 39. Let j be 2/y + 810/(-48). Let v = 31 + j. What is the remainder when v is divided by 6?
2
Let w(s) = 2*s**2. Let f be w(1). Suppose -v = t - 1, -4*v + v = 2*t - f. What is the remainder when t/5 + (-102)/(-15) is divided by 5?
2
Let b(c) = 8*c + 11. Let t(a) = 7*a + 11. Let o(j) = 6*b(j) - 7*t(j). What is the remainder when 47 is divided by o(-15)?
3
Let q(z) = -5*z + 2 + 8*z + z**2 + 0*z**2. Let n be q(-5). What is the remainder when 4 is divided by (6/(-4))/(n/(-32))?
0
Suppose -3*z - 4 = -4*z. Suppose -5*b + b - 3*q = -208, -5*q - 240 = -z*b. Calculate the remainder when b is divided by 14.
13
Let f = -43 + 61. Suppose h + h - 6 = 0, 0 = -y + 2*h + 100. What is the remainder when y is divided by f?
16
Suppose 0 = -i + 11 + 6. What is the remainder when i is divided by (-4)/18 - (-360)/162?
1
Let l = -14 + 35. Let m = l + -26. What is the remainder when 29 is divided by 50/m*6/(-4)?
14
Suppose -47*r - 3003 = -54*r. What is the remainder when r is divided by 19?
11
Let c = 1246 - 1163. Calculate the remainder when 414 is divided by c.
82
Let o(z) = -8*z + 2. Let y be o(9). What is the remainder when 34 is divided by (80/100)/((-4)/y)?
6
Let b be 4 - 4/(-32)*-4*4. What is the remainder when 172 is divided by (-35)/2*(-3 + 2/b)?
32
Suppose 2*r + 3503 = 3*p, -8*r = -5*p - 6*r + 5833. What is the remainder when p is divided by 11?
10
Suppose -156 = -7*u + u. Let g = 13 - 9. Suppose 35 = g*k + k. Calculate the remainder when u is divided by k.
5
Let p(a) = -4*a + 4*a + 2 - 14*a. Suppose 5*k + 5*z = 600, 174 + 56 = 2*k - 3*z. Calculate the remainder when k is divided by p(-2).
28
Suppose 326*j - 336*j = -470. Calculate the remainder when 369 is divided by j.
40
Suppose -s = 2*s - 66. Let z(b) be the first derivative of 15*b**2 - 3*b - 3. What is the remainder when z(3) is divided by s?
21
Let w(n) = -n**2 + 43*n - 308. Suppose -h + 5 + 6 = 0. Calculate the remainder when w(12) is divided by h.
9
Let j be -2*82/(-12) + (-4)/(-12). Let p = j + 0. Calculate the remainder when 52 is divided by p.
10
Let t be (4/12)/(1/63). Suppose g - 2*g = 1. Calculate the remainder when 27 is divided by t*(g + (-20)/(-12)).
13
Let s(f) = -3*f**3 + 2*f**2 - 4*f - 5. What is the remainder when 6 is divided by s(-1)?
2
Let t(d) = 17*d - 6. What is the remainder when 171 is divided by t(3)?
36
Let g(o) = 9*o**3 - o**2 + o - 1. Let j be g(1). Let n be 2/j + (-781)/(-44). Calculate the remainder when n/4 + (-3)/(-6) is divided by 4.
1
Suppose 5365 = -176*p + 205*p. Calculate the remainder when p is divided by 52.
29
Let h = 20 + 318. What is the remainder when h is divided by 11?
8
Let d = -42 + 14. Let v = 54 + d. What is the remainder when v is divided by 7?
5
Let l = -45 + 78. Suppose c + c = -2*t - 6, 3*c + l = 3*t. Let w = c - -11. What is the remainder when 11 is divided by w?
3
Suppose -39*l + 34*l + 135 = 0. What is the remainder when l is divided by 14?
13
Suppose 10 = 5*a - 0*a. Suppose -36 = -2*l + a*x, 4*l + 2*x = 3*l + 33. What is the remainder when 43 is divided by l?
20
Let m(y) = -2*y**2 - 5*y + 7. Let p be m(-6). What is the remainder when (-693)/(-5) + 21/p is divided by 35?
33
Suppose 3*m = -m + 72. Suppose 3*l = -l + 12. Suppose 0 = -5*h - o + 347, h - 3*o = l*h - 131. What is the remainder when h is divided by m?
16
Suppose 0 = -3*b - 2*t + 16, 0*t = -3*b + 5*t - 19. Suppose -5*q = -2*x - 74 - 126, 0 = 4*q - b*x - 158. Calculate the remainder when q is divided by 24.
18
Suppose 87 - 113 = -g. What is the remainder when g is divided by 6?
2
Let f = -17 + 22. Let q = -3 - -2. Let h = f - q. What is the remainder when h is divided by 3?
0
Let s be ((-2)/4*1)/(23/(-92)). Suppose 6*j - 336 = s*j. Calculate the remainder when j is divided by 17.
16
Suppose -9 = -2*g + 4*g - 3*t, -22 = g - 5*t. Suppose s - 34 = -4*m, -2*s = g*s - 5*m - 220. Calculate the remainder when s is divided by 17.
8
Suppose 115*l - 133*l = -1674. Calculate the remainder when 228 is divided by l.
42
Let q be -40*-3*(-3)/(-18). Suppose 3*t - 10 - q = 0. Calculate the remainder when 59 is divided by t.
9
Let n be 4/(-8) - 253/(-2). What is the remainder when (n/(-15))/((-18)/60) is divided by 10?
8
Let g be ((-12)/(-6) - -2)*1. Suppose 3*u + 70 = -g*q + 389, -3*q + 239 = 2*u. What is the remainder when q is divided by 23?
10
Let b(d) = -3*d**3 - 7*d**2 + 11*d + 19. Calculate the remainder when 434 is divided by b(-4).
49
Let n = -81 + 231. Suppose 0 = 56*m - 50*m - 228. Calculate the remainder when n is divided by m.
36
Let d(l) = -5*l - 3. Let b be d(-2). Let u = b - 1. What is the remainder when u is divided by 2?
0
Suppose -4*v = -3*o - 21, 18 = 3*v - 5*o - 6. Suppose -l = -4*m + 28, -v*m + m + 16 = -l. What is the remainder when 8 is divided by m?
2
Suppose -5*m + 4*f = 37, 0 = -4*m - 0*m - 5*f - 5. Let j = 52 + m. What is the remainder when 185 is divided by j?
44
Let c(k) = 5*k**3 - 3*k**2 - 2*k + 5. Let i(m) = -9*m**3 + 5*m**2 + 3*m - 9. Let h(x) = 7*c(x) + 4*i(x). Calculate the remainder when h(-2) is divided by 3.
1
Let l(r) = -r**2 + 41. What is the remainder when 191 is divided by l(-5)?
15
Let u = 62 + -56. Suppose 5*w - 2*r = 37, -u*r + 16 = -2*r. Suppose 0 = -2*k + k + 35. What is the remainder when k is divided by w?
8
Suppose -23*g - 18 = -317. Calculate the remainder when 26 is divided by g.
0
Let n = 503 + -403. What is the remainder when n is divided by 53?
47
Let c(h) = -h**2 - 30*h - 141. Calculate the remainder when c(-21) is divided by 10.
8
Suppose -2*z = -6*z - 4*q + 200, 0 = -z + 5*q + 74. Suppose -z = -2*w - 20. Calculate the remainder when w is divided by 10.
7
Suppose 3*t - 9 = 0, 11 = k - 2*t + 26. Let z(o) = -o + 5. What is the remainder when 68 is divided by z(k)?
12
Suppose 0 = 6*c - c - 65. Calculate the remainder when 77 is divided by c.
12
Suppose -574 = -9*x + 74. Calculate the remainder when x is divided by 33.
6
Let r(y) = 14*y**2 - 3*y + 2. Suppose 4*j + 4 = -8. Calculate the remainder when r(j) is divided by 14.
11
Let k(y) = 19*y**2 - 1. Let j be (-2 + 2)*(-3)/(-6). Suppose 3*b + 0*b - 153 = j. Calculate the remainder when b is divided by k(-1).
15
Suppose -4*a = -5*w - 0*w - 226, 3*a - 164 = w. Calculate the remainder when 213 is divided by (-5)/((-5)/24) + (a - 51).
24
What is the remainder when 97 is divided by ((-17)/(-3))/((-13)/(-39))?
12
Suppose 4*z - 9*z + 30 = 